culate b(-10).
-35
Let v(w) = w**2 + 9*w + 6. What is v(-7)?
-8
Let u(m) = m**3 - 4*m**2 - 11*m - 8. What is u(6)?
-2
Let j(u) = u**2 - 7*u + 12. Determine j(9).
30
Let x(d) = 2*d - 7. Determine x(12).
17
Let t(n) = 5*n**3 + 3*n**2 - 6. Calculate t(2).
46
Let y(c) = -4*c - 3. What is y(5)?
-23
Let n(h) = -h + 1. Calculate n(-7).
8
Let u(n) = n**2 - 2*n - 8. Calculate u(0).
-8
Let f(q) = 15*q + 4. Calculate f(2).
34
Let q(p) = -9*p + 60. Give q(7).
-3
Let a(d) = -d**2 + 28*d + 209. What is a(34)?
5
Let n(p) = 2*p**2 - 2. Calculate n(2).
6
Let q(x) = 4*x + 43. Give q(-16).
-21
Let r(q) = -6*q**2 + 6*q - 9. Give r(2).
-21
Let l(h) = -4*h - 5. Calculate l(7).
-33
Let j(q) = -102*q - 710. Calculate j(-7).
4
Let z(c) = 2*c - 11. Give z(6).
1
Let i(r) = 9*r + 2. Determine i(-1).
-7
Let t(r) = -150*r + 444. Calculate t(3).
-6
Let h(a) = -7*a**2 + 4*a - 2. Determine h(3).
-53
Let r(w) = 4*w - 7. Determine r(-11).
-51
Let m(y) = y**2 + 13*y + 19. Calculate m(-9).
-17
Let u(t) = -t**2 - 8*t - 8. Determine u(-3).
7
Let b(p) = -21*p**3. Determine b(1).
-21
Let p(s) = -4*s**2 - 18*s - 10. Give p(-4).
-2
Let t(b) = -b + 1. Calculate t(-6).
7
Let y(r) = -6*r - 5. What is y(-4)?
19
Let l(s) = -2*s**2 - 2*s + 8. Give l(0).
8
Let n(f) = f**3 - 7*f**2 + 6*f + 5. What is n(6)?
5
Let g(y) = -y**3 - 8*y**2 - 3*y - 27. Determine g(-7).
-55
Let g(v) = 10*v + 4. Give g(-1).
-6
Let n(y) = -y**3 + 3*y**2 - 3*y + 1. What is n(3)?
-8
Let r(w) = -4*w**2 + w + 1. What is r(-1)?
-4
Let i(n) = 2*n + 11. Determine i(-4).
3
Let z(n) = n**3 - 20*n**2 + 35*n - 23. Determine z(18).
-41
Let m(q) = -q**2 - 4*q + 1. What is m(-5)?
-4
Let q(x) = x**2 - 7*x - 2. What is q(7)?
-2
Let o(s) = s**3 + s**2 + 9*s - 3. Give o(0).
-3
Let z(j) = j**2 - 14*j - 3. Calculate z(11).
-36
Let n(o) = 4*o**2 - 3*o + 8. What is n(-5)?
123
Let t(r) = 13*r**2 + 3*r - 2. Calculate t(1).
14
Let d(s) = s**3 - 15*s**2 - 19*s + 11. Calculate d(16).
-37
Let m(i) = 15*i - 1. Give m(1).
14
Let l(d) = d**2 - 2*d + 3. Calculate l(2).
3
Let o(t) = 5*t**2 + 22*t - 7. Determine o(-5).
8
Let w(u) = 45*u + 19. Give w(-1).
-26
Let l(w) = 2*w**3 + 10*w**2 - 14*w - 6. What is l(-6)?
6
Let a(o) = -o**3 + 17*o**2 - 16*o - 8. Determine a(16).
-8
Let l(r) = r**3 + 6*r**2 - 6*r + 40. Calculate l(-8).
-40
Let s(i) = -10*i**3 - 2*i**2 - 3*i - 5. What is s(-2)?
73
Let b(z) = -z**2 + 5*z - 3. What is b(4)?
1
Let u(r) = -2*r + 1. Calculate u(3).
-5
Let y(q) = 6*q + 25. Determine y(-5).
-5
Let w(b) = 3*b**3 - 5*b**2 - 2*b - 2. Determine w(3).
28
Let m(g) = -g + 39. Determine m(22).
17
Let i(h) = -h**2 + 3*h. Give i(5).
-10
Let n(j) = -2*j**2 + 10. What is n(3)?
-8
Let s(g) = -3*g + 144. Determine s(46).
6
Let x(v) = v**2 - 17*v + 63. Calculate x(10).
-7
Let s(h) = -h**2 + 7*h - 5. Calculate s(6).
1
Let v(u) = -5*u - 2. Give v(7).
-37
Let n(s) = -5*s + 34. Determine n(9).
-11
Let i(z) = -z**2 - z + 1. What is i(-4)?
-11
Let p(w) = 9*w + 53. Give p(-5).
8
Let z(f) = f**2 + 16*f + 37. Calculate z(-12).
-11
Let b(n) = -4*n. What is b(-2)?
8
Let t(j) = 3*j. Determine t(8).
24
Let a(v) = -v**3 - 5*v**2 - 6*v + 1. Calculate a(-7).
141
Let z(d) = d**3 + 7*d**2 - 19*d - 146. Determine z(-5).
-1
Let u(h) = -4*h + 22. Determine u(6).
-2
Let y(i) = 7*i + 22. Determine y(-4).
-6
Let m(q) = q**2 + 14*q + 2. Give m(-14).
2
Let h(x) = -x**2 - 7*x + 2. Calculate h(-6).
8
Let w(f) = 26*f**2 + 2*f. Give w(-1).
24
Let c(m) = m**3 - 23*m**2 - 50*m + 6. Determine c(25).
6
Let y(o) = -38*o + 179. Calculate y(5).
-11
Let y(w) = w**3 - 11*w**2 - 15*w - 20. Give y(12).
-56
Let o(v) = 9*v - 81. Give o(10).
9
Let u(n) = n**2 + 16*n - 16. Give u(1).
1
Let r(i) = 28*i - 70. Give r(2).
-14
Let k(v) = -3*v**2 + 25*v - 48. Give k(5).
2
Let a(s) = s - 12. What is a(15)?
3
Let r(c) = -27*c - 20. Give r(0).
-20
Let k(o) = 2*o**3 - 6*o**2 + 6*o - 6. Determine k(3).
12
Let u(b) = b**3 - 6*b**2 - 4*b + 12. Determine u(5).
-33
Let f(j) = j**3 + 21*j**2 + 20*j - 4. What is f(-20)?
-4
Let h(s) = s**2 + 16*s + 49. Give h(-3).
10
Let i(q) = -10*q - 7. Determine i(-2).
13
Let y(p) = p**3 + 2*p**2 - 6*p + 11. What is y(-4)?
3
Let p(z) = z**3 - 13*z**2 - 4*z + 55. What is p(13)?
3
Let y(z) = -z**2 - 7*z - 8. Give y(-8).
-16
Let v(n) = 7*n + 35. Calculate v(3).
56
Let b(a) = -31*a**3 + 2*a + 1. Calculate b(-1).
30
Let a(q) = -3*q + 33. Calculate a(9).
6
Let a(k) = -k**3 - 4*k**2 - 4*k - 1. Give a(-4).
15
Let o(k) = -k**2 + 26*k - 41. Determine o(25).
-16
Let s(d) = 128*d + 119. Calculate s(-1).
-9
Let b(s) = s**3 + 7*s**2 - 4*s + 17. What is b(-8)?
-15
Let g(u) = -12*u - 13. Determine g(0).
-13
Let a(y) = -2*y**2 + 36*y - 120. Give a(13).
10
Let b(c) = -9*c + 11. Calculate b(7).
-52
Let o(d) = -4*d**2 - 3*d - 4. Calculate o(-1).
-5
Let o(l) = 16*l - 20. Calculate o(3).
28
Let p(o) = 3*o**3 + 52*o**2 + 17*o + 12. What is p(-17)?
12
Let m(o) = -3*o**3 + 36*o**2 - 28*o - 47. Give m(11).
8
Let x(y) = -y**3 + 7*y**2 - 3*y + 16. Calculate x(7).
-5
Let x(r) = -r**3 + 5*r - 3. Give x(3).
-15
Let z(h) = 9*h**2 + h. What is z(3)?
84
Let w(m) = -3*m - 19. Calculate w(-11).
14
Let h(f) = f**2 - 6*f - 66. Determine h(-8).
46
Let r(w) = -w - 21. Calculate r(-8).
-13
Let y(v) = 6*v - 136. Calculate y(23).
2
Let z(x) = 11*x + 17. What is z(11)?
138
Let b(q) = q**3 - 7*q**2 + 7*q - 18. Calculate b(7).
31
Let n(l) = l**3 + 7*l**2 + 7*l - 7. Calculate n(-6).
-13
Let u(y) = -y**2 - 12*y - 8. What is u(-10)?
12
Let c(o) = 7*o + 35. Give c(0).
35
Let c(z) = -z**3 - 8*z**2 - 11*z - 21. What is c(-7)?
7
Let m(f) = 17*f**3 - f. Calculate m(1).
16
Let o(z) = -2*z - 6. Determine o(-5).
4
Let r(o) = o**3 + 19*o**2 - 2*o - 27. What is r(-19)?
11
Let t(f) = -38*f + 1022. Calculate t(27).
-4
Let h(o) = o**2 - 7*o - 2. Give h(8).
6
Let t(n) = 4*n + 56. Calculate t(-12).
8
Let r(w) = -20*w**2 + 2. What is r(1)?
-18
Let j(r) = -r**3 + 10*r**2 - 12*r + 15. Calculate j(9).
-12
Let p(m) = m + 5. Give p(8).
13
Let m(b) = -b**3 + b + 2. What is m(0)?
2
Let x(m) = 16*m + 92. Give x(-5).
12
Let a(u) = -2*u - 19. Calculate a(-11).
3
Let q(v) = -v**2 + 20*v + 64. Give q(23).
-5
Let y(d) = 19*d + 188. Calculate y(-10).
-2
Let y(q) = 2*q - 2. What is y(1)?
0
Let p(b) = -b**3 - 9*b**2 - 13*b - 4. Determine p(-7).
-11
Let y(s) = s**2 - 2*s - 121. Calculate y(12).
-1
Let b(v) = -v**3 - 7*v**2 - 5*v + 4. Determine b(-6).
-2
Let m(f) = -f**2 - 3*f - 1. Calculate m(-9).
-55
Let g(c) = c**3 + 60*c**2 - 124*c - 6. Determine g(-62).
-6
Let a(v) = 2*v**3 + 12*v**2 - 3*v - 10. What is a(-6)?
8
Let i(s) = s**3 - s**2 - 16*s + 15. Calculate i(3).
-15
Let h(i) = -i**2 - 18*i - 14. Calculate h(-16).
18
Let u(g) = g + 11. Give u(-9).
2
Let r(h) = h**2 - 17*h + 12. Calculate r(16).
-4
Let i(a) = 2*a**2 - 4*a + 18. Give i(4).
34
Let o(w) = -7*w + 126. Calculate o(18).
0
Let u(s) = 2*s**2 + 18*s - 12. Determine u(-10).
8
Let x(a) = -a**2 + 9*a - 3. Calculate x(8).
5
Let u(t) = -t**3 - 6*t**2 - t + 1. What is u(-5)?
-19
Let o(m) = 3*m**2 + 7*m + 12. Give o(-3).
18
Let v(n) = -21*n + 3. Give v(2).
-39
Let x(d) = -19*d + 322. Determine x(17).
-1
Let w(f) = -6*f**2 + 2. Give w(-2).
-22
Let s(c) = c**3 - 8*c**2 - 4*c + 6. Determine s(8).
-26
Let j(s) = -4*s - 23. What is j(-7)?
5
Let a(o) = -o**3 + 4*o**2 - 2*o - 4. Determine a(3).
-1
Let o(h) = h**3 - 5*h**2 + h - 2. Give o(5).
3
Let n(y) = -y**2 + 11*y + 4. Calculate n(8).
28
Let a(q) = -q**2 + 9*q - 24. What is a(13)?
-76
Let z(v) = v**2 - 15*v - 49. What is z(-3)?
5
Let p(b) = -2*b + 4. Give p(-3).
10
Let j(i) = i**3 - 7*i**2 - i - 59. Give j(8).
-3
Let w(j) = -j**3 + 14*j**2 - 15*j + 1. Calculate w(13).
-25
Let o(z) = 8*z - 92. What is o(11)?
-4
Let w(q) = q**2 + 9*q + 4. Give w(-10).
14
Let q(a) = -9*a - 26. Determine q(4).
-62
Let v(u) = u + 26. Give v(18).
44
Let t(r) = 4*r + 75. Determine t(-20).
-5
Let p(o) = -21*o + 18. Calculate p(1).
-3
Let u(o) = 3*o**2 - 3*o - 7. Give u(3).
11
Let k(t) = 12*t + 5. Give k(-2).
-19
Let j(t) = -2*t**2 + 5*t - 6. Calculate j(3).
-9
Let r(n) = 2*n**3 - 15*n**2 - 9*n + 3. Give r(8).
-5
Let f(w) = 2*w - 15. Give f(-8).
-31
Let w(b) = b - 27. Determine w(-9).
-36
Let g(q) = -3*q - 1. Calculate g(3).
-10
Let s(t) = -2*t**3 - 3*t**2 - 2*t + 1. Calculate s(-2).
9
Let t(f) = 5*f**3 - 36*f**2 + 2*f + 22. What is t(7)?
-13
Let a(z) = z**2 + 3*z - 4. Give a(-6)